(-22)?
-171
Let x(g) = 2*g**3 + 15*g**2 - 94*g - 694. Determine x(-7).
13
Let z(m) = -2*m**2 + 34*m - 84. Determine z(3).
0
Let j(g) = -688*g - 5244. What is j(-8)?
260
Let g(m) = 6*m**3 + 15*m**2 + 5*m - 16. Determine g(-3).
-58
Let v(p) = 2*p**3 + 5*p**2 - 625*p + 621. Give v(1).
3
Let u(w) = -w**3 - 25*w**2 + 95*w + 1111. Give u(-27).
4
Let g(a) = -2*a**2 + 245*a - 1533. What is g(116)?
-25
Let c(i) = -58*i - 12. Determine c(0).
-12
Let c(h) = 235*h + 1169. Calculate c(-5).
-6
Let g(p) = 22*p - 228. Calculate g(7).
-74
Let h(j) = -2*j**3 - 4*j**2 + 2*j. Calculate h(1).
-4
Let b(c) = -340*c + 381. What is b(1)?
41
Let n(p) = p**2 + 155*p - 799. What is n(5)?
1
Let w(f) = 20*f**2 + 546*f - 355. Calculate w(-28).
37
Let p(o) = -200*o + 5789. Determine p(29).
-11
Let s(n) = -187*n - 22. What is s(1)?
-209
Let v(k) = -352*k + 3165. What is v(9)?
-3
Let l(n) = -n**2 + 6*n + 136. What is l(-10)?
-24
Let d(t) = t**3 - 66*t**2 + 5*t - 319. Calculate d(66).
11
Let x(d) = 12*d**3 + 2*d**2 - 8*d - 10. Give x(-1).
-12
Let r(h) = h**2 - 25*h - 160. What is r(31)?
26
Let r(u) = u**2 - 33*u + 29. Calculate r(29).
-87
Let h(m) = 130*m**2 + 65*m + 1. What is h(-1)?
66
Let x(y) = -990*y + 74233. What is x(75)?
-17
Let d(p) = 4*p**3 - 2*p**2 + 116*p + 117. Determine d(-1).
-5
Let j(x) = 17*x**2 - 697*x + 9. Give j(41).
9
Let f(c) = 896*c + 277. What is f(-1)?
-619
Let b(q) = -q**3 + 277*q**2 - 548*q - 549. What is b(275)?
1
Let i(l) = 59*l**2 - l + 2. What is i(1)?
60
Let n(v) = v**3 - 51*v**2 + 45*v + 255. What is n(50)?
5
Let y(p) = p**3 - 3*p**2 + 4*p + 4. Determine y(6).
136
Let u(w) = -w**2 - 6*w - 35. Calculate u(8).
-147
Let t(s) = 2*s**3 + 28*s**2 + 33*s - 36. Determine t(-2).
-6
Let s(b) = b**2 - 35*b + 151. Calculate s(21).
-143
Let c(x) = 2*x**3 - 16*x**2 + 29*x - 105. What is c(7)?
0
Let q(l) = -235*l + 24892. Calculate q(106).
-18
Let o(m) = -m**3 - 98*m**2 + 189*m - 1093. Give o(-100).
7
Let p(z) = -14*z**2 - 9*z + 234. Give p(4).
-26
Let n(c) = c**3 + 18*c**2 - 48*c + 314. Give n(-21).
-1
Let v(x) = -402*x**2 - 5218*x + 104. What is v(-13)?
0
Let v(i) = -8*i + 525. What is v(63)?
21
Let u(z) = z**3 + 9*z**2 - 280*z + 637. Give u(11).
-23
Let t(m) = -m**2 - 442*m - 13519. What is t(-33)?
-22
Let y(i) = i**3 + 7*i**2 - 40*i + 50. Calculate y(-11).
6
Let s(q) = 34*q**2 - 96*q - 12. Give s(3).
6
Let v(l) = -l**3 - 20*l**2 - 40*l - 39. Determine v(-18).
33
Let b(v) = v**3 + 11*v**2 + 20*v - 51. Calculate b(-7).
5
Let r(o) = o**3 + 12*o**2 + 8*o - 11. Give r(-4).
85
Let a(q) = 220*q + 593. Give a(-2).
153
Let z(n) = 11*n**2 + 10*n - 7. Give z(1).
14
Let a(r) = 5*r - 5. Calculate a(-1).
-10
Let f(j) = -j**3 + 60*j**2 - 173*j + 122. Give f(57).
8
Let c(u) = -241*u - 2889. Give c(-12).
3
Let h(f) = 18*f - 1415. Calculate h(45).
-605
Let q(r) = 3*r**3 - 33*r**2 - 8*r. Determine q(11).
-88
Let j(p) = -p**3 + 38*p**2 - 268*p + 63. What is j(9)?
0
Let w(g) = -5*g**3 - 35*g**2 + 11*g + 9. Calculate w(-3).
-204
Let w(o) = -o**2 + 57*o + 223. What is w(51)?
529
Let x(i) = -78*i**2 - 7*i - 5. Determine x(-1).
-76
Let m(g) = -7*g**3 - 12*g**2 - 86*g - 173. Give m(-2).
7
Let p(c) = -3*c**2 + 23*c - 68. Give p(10).
-138
Let n(r) = -11*r**2 + 266*r - 43. Give n(24).
5
Let y(k) = k**2 - 347*k + 15335. Give y(52).
-5
Let o(x) = -x**2 - 7*x + 45. Determine o(-11).
1
Let u(x) = -x**3 + 20*x**2 - 36*x + 114. What is u(18)?
114
Let s(g) = -g**3 + 5*g**2 + 7*g + 9. Give s(7).
-40
Let s(y) = -y**3 + 41*y**2 - 114*y + 25. Give s(38).
25
Let w(c) = c**2 - 362*c - 13893. What is w(-35)?
2
Let t(i) = i**3 + 37*i**2 + 346*i - 93. Calculate t(-18).
-165
Let f(i) = -i**2 + 217*i - 38. Calculate f(0).
-38
Let x(n) = -n**3 - 10*n**2 - 25*n - 71. What is x(-8)?
1
Let p(c) = -14*c**2 - 478*c - 116. Calculate p(-34).
-48
Let p(g) = g**3 - 5*g**2 + 8*g + 7. Calculate p(-3).
-89
Let y(q) = 3*q**3 + 20*q**2 - 3*q + 10. Determine y(-7).
-18
Let q(k) = k**3 - 16*k**2 - 28*k + 164. What is q(17)?
-23
Let j(r) = 7*r**3 + 48*r**2 - 14*r + 25. Calculate j(-7).
74
Let p(l) = -l**3 - 72*l**2 - 82*l - 630. What is p(-71)?
151
Let v(u) = -u**2 + 7*u + 55. Determine v(0).
55
Let d(k) = k**2 - 46*k - 22. Give d(-4).
178
Let p(s) = -4*s**3 + 92*s**2 + 33*s - 15. What is p(23)?
744
Let x(n) = -69*n - 796. Give x(-12).
32
Let a(l) = -13*l**3 + 11*l**2 - 347*l + 346. Determine a(1).
-3
Let g(p) = 5*p**2 + 5*p + 128. Determine g(0).
128
Let c(y) = -72*y - 2166. Give c(-28).
-150
Let q(s) = -s**3 + 19*s**2 + 57*s + 53. What is q(23)?
-752
Let o(d) = d**2 - 193*d + 5. Calculate o(0).
5
Let l(k) = k**3 - 53*k**2 + 197*k - 49. What is l(49)?
0
Let w(d) = 199*d - 7888. Calculate w(40).
72
Let h(g) = -g**2 - 53*g - 21. Calculate h(0).
-21
Let g(t) = 53*t + 745. Determine g(-14).
3
Let s(o) = -315*o + 6658. What is s(21)?
43
Let g(q) = -312*q - 54293. What is g(-174)?
-5
Let z(i) = -9*i - 79. What is z(-16)?
65
Let r(x) = 17*x**2 + 160*x + 65. Give r(-9).
2
Let u(m) = 9*m**2 + 17*m - 210. Give u(4).
2
Let o(g) = 4*g**2 - 205*g - 169. Determine o(52).
-13
Let q(h) = h**3 - 15*h**2 + 25*h - 2. Calculate q(6).
-176
Let j(f) = f**3 + 13*f**2 + 22*f + 86. Determine j(-8).
230
Let q(h) = -h**3 - 64*h**2 + 61*h - 260. What is q(-65)?
0
Let l(z) = 438*z - 35473. Calculate l(81).
5
Let v(o) = -o**3 - 149*o**2 - 582*o - 297. Determine v(-145).
-7
Let k(b) = 24*b - 42. Calculate k(1).
-18
Let t(a) = 2*a**3 + 114*a**2 - 120*a - 173. Give t(-58).
59
Let i(y) = 2*y**2 - 54*y + 189. Determine i(23).
5
Let s(r) = -3*r**2 + 3*r + 14. What is s(-3)?
-22
Let a(z) = -z**3 + 16*z**2 + 33*z + 8. Give a(18).
-46
Let t(n) = -n**3 - 23*n**2 + 26*n + 37. Give t(-24).
-11
Let i(t) = t**2 - 978*t + 12552. Give i(13).
7
Let p(n) = -n**2 - n + 40. What is p(-6)?
10
Let u(d) = -105*d - 2211. What is u(-21)?
-6
Let d(c) = 5*c**2 + 17*c - 57. Calculate d(4).
91
Let j(a) = a**2 + 876*a + 12071. Determine j(-14).
3
Let p(s) = -38*s - 1607. Give p(-35).
-277
Let c(y) = y**2 + 66*y - 86. Determine c(-67).
-19
Let u(j) = -j**3 + 16*j**2 + 14*j - 261. Determine u(15).
174
Let i(u) = -3*u**3 + 64*u**2 - 25*u + 76. Give i(21).
-8
Let c(z) = -6*z**2 + 67*z - 14. Determine c(11).
-3
Let b(c) = 8*c**2 - c - 1. Calculate b(-5).
204
Let h(s) = -8*s + 20. Determine h(6).
-28
Let p(d) = -4*d**3 - 162*d**2 - 239*d - 199. Determine p(-39).
-4
Let s(u) = -u**3 - 20*u**2 - 77*u + 138. Calculate s(-14).
40
Let k(v) = -v**3 + 15*v**2 - 42*v + 152. Determine k(11).
174
Let b(c) = -24*c + 199. What is b(6)?
55
Let c(h) = 114*h**2 + 1595*h + 16. What is c(-14)?
30
Let n(a) = a**3 + 27*a**2 - 161*a + 68. Calculate n(-32).
100
Let j(k) = 8*k - 84. Give j(6).
-36
Let w(l) = 50*l - 1403. What is w(28)?
-3
Let h(u) = u**2 - 5*u - 76. Calculate h(-7).
8
Let w(a) = -145*a - 15. Give w(-1).
130
Let a(i) = 402*i + 1088. Calculate a(-3).
-118
Let p(d) = -3*d**2 - d + 29. Calculate p(0).
29
Let o(u) = u**3 - 10*u**2 + 15*u - 28. Give o(10).
122
Let r(s) = -8*s**2 - 172*s - 78. Determine r(-18).
426
Let t(g) = -219*g**3 + 4*g**2 - 64*g - 69. Calculate t(-1).
218
Let o(r) = -33*r + 88. What is o(3)?
-11
Let f(v) = -v**3 - 9*v**2 + 20*v + 231. Calculate f(-7).
-7
Let i(m) = -m**2 - 41*m + 826. Determine i(-59).
-236
Let v(y) = 39*y - 4942. Determine v(129).
89
Let a(h) = 232*h - 2707. Determine a(12).
77
Let c(h) = -3*h**2 + 3*h - 27. Calculate c(5).
-87
Let y(j) = 8*j**3 - 19*j + 17. Give y(1).
6
Let a(f) = -12*f**3 + 3*f**2 - 2. What is a(-1)?
13
Let s(k) = 2*k**2 - 32*k - 228. Give s(-6).
36
Let m(n) = 104*n - 15010. What is m(144)?
-34
Let y(j) = -2*j**2 - 49*j - 144. Determine y(-21).
3
Let u(t) = -236*t - 3576. Give u(-15).
-36
Let i(d) = -d**2 - 27*d - 42. Give i(-15).
138
Let v(u) = 71*u + 365. What is v(-7)?
-132
Let t(q) = -q**3 + 7*q**2 - 9*q + 27. What is t(6)?
9
Let o(t) = 86*t + 859. Calculate o(-10).
-1
Let j(m) = 3*m**2 + 29*m + 52. Determine j(-7).
-4
Let o(b) = 19*b + 23. Determine o(17).
346
Let d(g) = -929*g - 4648. What is d(-5)?
-3
Let r(t) = -13*t + 119. What is r(6)?
41
Let l(q) = 3*q**2 + 111*q + 877. Determine l(-12).
-23
Let o(v) = v**2 + 40*v - 17. Give o(-41).
24
Let p(a) = 387*a - 10440. Give p(27).
9
Let b(z) = z**3 + 10*z**2 - 21*z - 217. What is b(-10)?
-7
Let b(l) = -l**2 - 31*l + 1742. Calculate b(-60).
2
Let m(v) = -5*v + 165. What is m(-15)